c.
2, 3
List the prime factors of 430/(51/24 + (-1)/8).
5, 43
Suppose 28*k + 2*k = 95610. List the prime factors of k.
3187
Let t(v) = -v**3 - 2*v**2 - 9. List the prime factors of t(-7).
2, 59
Let f = -78 + 281. Let d = f - 106. What are the prime factors of d?
97
Suppose 0 = 4*x - 4. What are the prime factors of ((-98 + 2)/(-4))/x?
2, 3
Suppose 2*i + d + 83 = 0, -5*i - 163 = -i + 3*d. Suppose -28 = 3*f - 4*x, 11*x - 10*x = 3*f + 34. Let l = f - i. What are the prime factors of l?
31
Let v(w) = 69*w - 321. What are the prime factors of v(6)?
3, 31
Let a(l) = l**3 - 13*l**2 - 6*l + 19. What are the prime factors of a(14)?
131
Let w(h) = 13*h**3 - h**2 - 2*h + 3. Let t be (-1 - 1) + 36/9. What are the prime factors of w(t)?
3, 11
Let o = 1069 + 0. List the prime factors of o.
1069
Let h be (-1)/(-3) + 354/18. Suppose -h*q + 23*q = 177. List the prime factors of q.
59
Let o(g) = 14*g**2 + 10*g - 8. Let x be o(1). Suppose 0 = -0*m - 2*m + 50. Let q = m - x. What are the prime factors of q?
3
Let f(s) = -5*s + 6*s**2 - 2 - 17*s**2 - 11*s**3 + 2*s**2 + s**2 + 12*s**3. Let d be 10 + (-2)/(-1 - -3). What are the prime factors of f(d)?
2, 17
Suppose -3*b + s = -s - 2, -4*b + 3*s = -1. Suppose 3*c - 287 = -4*d - 0*c, d - b*c - 86 = 0. List the prime factors of d.
2, 37
Let m = -1927 + 1962. What are the prime factors of m?
5, 7
Let g = 4 + 102. Suppose g = 6*t - 4*t. What are the prime factors of t?
53
Let n be 5 + -2*2/(-4). Let v = n - -59. List the prime factors of v.
5, 13
Let r(y) = -979*y + 37. What are the prime factors of r(-4)?
59, 67
Let m(j) = j + 2. Let r be m(7). List the prime factors of ((-48)/r + 4)*-45.
2, 3, 5
Let i = -34 + 29. List the prime factors of 185 + (i + 15)/(-5).
3, 61
Let w be 1577/(-7) - (1 - (-27)/(-21)). Let f = 332 + w. List the prime factors of f.
107
Suppose 35 = s - 3*f, s + 2*f + 2*f = 0. Suppose -4*b + s = -2*b. Let v = 13 - b. List the prime factors of v.
3
Let w be 10 - 0 - (-1 - -1). Suppose -u = -3*u + 58. Suppose u = y - w. What are the prime factors of y?
3, 13
Suppose -5*o + 5 = 0, 5*l = 3*o - 6*o + 3848. What are the prime factors of l?
769
Suppose -3*c = -0*c - 2538. Let k be (-6)/(-4)*c/27. Let i = k - 28. List the prime factors of i.
19
Let s(j) be the second derivative of 4*j**3/3 - 5*j**2/2 - 4*j. Let r be s(4). Suppose -t = -0*t - r. List the prime factors of t.
3
Suppose 0 = 3*f - h - 2877 + 217, 0 = 4*h - 4. What are the prime factors of f?
887
Let s = 8906 - 5413. List the prime factors of s.
7, 499
Suppose 2*o - 10 = 0, -s - 6 = -4*o - 2. Let p(t) = 2*t + 1. Let n be p(-4). Let x = s + n. What are the prime factors of x?
3
Let s = -127 + 130. Let y = 0 + 2. Suppose 0 = 5*a + s*n - 114, -a + 0*n + 15 = -y*n. What are the prime factors of a?
3, 7
Suppose -2*l + 2*u + u + 192 = 0, -288 = -3*l - u. Let o = l - -29. What are the prime factors of o?
5
Suppose -17*y = -360 - 201. List the prime factors of y - 2*((-3)/6 + 2).
2, 3, 5
Let o(v) be the third derivative of 31*v**4/24 + 29*v**3/3 + 37*v**2 - 1. What are the prime factors of o(5)?
3, 71
Suppose p + j + 0*j = 5, 0 = -2*p + j + 4. Suppose -3*s - 45 = p*m + m, -s = 5*m + 48. Let q = m - -19. List the prime factors of q.
2, 5
Let b(t) = -16*t**3 - 2*t**2 + 3*t - 5. Let z be b(2). What are the prime factors of z/((-3 - -5)/(-2))?
3, 5
Let a(x) = 0*x + x + 2 - 2*x - 5. Let q be a(-6). Suppose -7 + 17 = z + 2*r, 0 = -5*z + q*r + 24. List the prime factors of z.
2, 3
Let v(h) = -h - 1. Let z = -21 + 19. Let f be v(z). Let q = 22 - f. What are the prime factors of q?
3, 7
Let m(l) = -l**3 + 7*l**2 - 7*l + 7. Let v be m(6). Suppose v = y - 1. Suppose -y*q + 5*g = -43, 4*q + 0*g = -2*g + 146. What are the prime factors of q?
2, 17
Let a(j) = -2*j**2 + 18*j - 24. List the prime factors of a(5).
2
Let j = -114 - -66. Let y = 182 - j. List the prime factors of y.
2, 5, 23
Let k = 64 - 61. Suppose -4*s + 2*g = -180, 2*g - 7*g - 90 = -2*s. Suppose 2*y = k*y - 4*v - 19, 2*y = v + s. What are the prime factors of y?
23
Suppose 0 = -8*w + 16. Suppose -w*k = 5*k. Let r(m) = -m**3 + m**2 - m + 41. List the prime factors of r(k).
41
Let f = 15 - 31. What are the prime factors of (-233)/(-4) + f/64?
2, 29
Let g = 405 - -289. What are the prime factors of g?
2, 347
Let a(o) = -o**2 - 7*o + 5. Let i be (-4 - -5)/((-1)/7). Let s be a(i). Suppose 2 = -4*n + s*n. List the prime factors of n.
2
Let w(i) = -i**2 + 6*i - 6. Let j be w(6). Let b be -4 + 2/(-2) - -2. List the prime factors of (b - j)/(2/6).
3
Suppose 0*c = c - 2. Let k be (-56)/(-21) - 2/(-6). Suppose -1 = c*w - w + k*g, 0 = g + 4. List the prime factors of w.
11
Let c be (48/(-56))/(1/(-7)). Suppose 0 = -3*x - c, 0 = d - 5*d - 2*x - 76. Let l = -2 - d. List the prime factors of l.
2
Suppose -6*a + 9*a = -n + 1386, -4*n - 1386 = -3*a. Suppose 40*w - a = 37*w. List the prime factors of w.
2, 7, 11
Let k = 710 - -1047. List the prime factors of k.
7, 251
Let k = 823 + -472. Let u = -207 + k. What are the prime factors of u?
2, 3
Suppose -a - 73 = -4*u + 3739, 0 = -3*u + 4*a + 2859. List the prime factors of u.
953
Let c be (-32)/(-48)*3/(-2). What are the prime factors of 312/12*(2 + c)?
2, 13
Suppose 2*c = -6*c - 8. What are the prime factors of 2 + c - (-56 + (-4)/2)?
59
Suppose 0 = 2*x - 2*c + 270, -412 = 3*x - 0*c + 4*c. Let j = x - -280. What are the prime factors of j?
2, 3
Let g = -1130 - -1397. List the prime factors of g.
3, 89
Suppose 0 = 3*q - q + 118. Let p(n) = 8*n - 83. Let s be p(21). Let w = q + s. What are the prime factors of w?
2, 13
Let y(s) = 12*s + 60. What are the prime factors of y(23)?
2, 3, 7
Suppose 539 = -u - 4*f, 1610 = 9*u - 12*u - 5*f. Let r = 764 + u. What are the prime factors of r?
229
Let b be (-48)/(-9) + 3/(-9). Suppose 3*s = 3*t + 2*t - 11, -s + 2*t = b. Suppose 3*n - 3 = s*z, -5*n - 2*z = -5*z - 7. What are the prime factors of n?
2
What are the prime factors of 318*2/(116/18 + -6)?
3, 53
Suppose s - 23 = 246. Let o = s - 116. What are the prime factors of o?
3, 17
Suppose w - 5*n - 691 = 2751, 4*n - 17210 = -5*w. What are the prime factors of w?
2, 1721
Let q(w) = 39*w**2 + w - 3. Let f be q(2). Let d = f - 91. What are the prime factors of d?
2
Suppose -5*a + 391 + 2260 = z, -3*z - 12 = 0. List the prime factors of a.
3, 59
Let y = 4 - 2. Let l be 476/(-77) + 2/11. What are the prime factors of l/(y - 7/2)?
2
Let s = -199 + -11. List the prime factors of (12 + -3)/(-3) - s.
3, 23
Let c = 1 - -60. Suppose -5*d + 521 - c = 0. What are the prime factors of d?
2, 23
Let x = -26 + 26. Suppose 4*r - 3*i - 468 = x, -2*r - i + 484 = 2*r. Suppose 0 = 3*y - y - r. List the prime factors of y.
2, 3, 5
Let j be (-67)/((-1 - 3) + 3). Let g = j + 44. List the prime factors of g.
3, 37
Let k(m) = m**3 - m**2 + 35. Let t be k(0). Let i = t - 59. What are the prime factors of (-1)/(3 + 74/i)?
2, 3
Suppose -2*k + 5*q = -0 + 9, 3*k - 21 = -4*q. Suppose -t - 2*t = -k. Suppose -2*f = t - 9. List the prime factors of f.
2
Suppose 0 = -166*x + 175*x - 25461. List the prime factors of x.
3, 23, 41
Suppose 8 + 7 = 5*n, 4*f = -4*n - 56. Let w be 149 + 0 - (-18 - f). Suppose w = 6*s - s. List the prime factors of s.
2, 3, 5
Let u be (0 + 2 + -3)*-41. Let s be (u*-1)/((-3)/18). Suppose 13*n - s = 7*n. List the prime factors of n.
41
Suppose -3*j + 1224 = -4*b, -j + 523 = 5*b + 115. List the prime factors of j.
2, 3, 17
Let c = 30 + -1125. What are the prime factors of c/(-6) + (-6)/(-12) - -1?
2, 23
Let q(h) = -19*h**2 - 3*h + 11. Let k(x) = 41*x**2 + 7*x - 22. Let f(y) = -6*k(y) - 13*q(y). Let p be (21/(-6))/((-1)/(-2)). List the prime factors of f(p).
59
Let p = 20 - 15. Suppose -2*n + d = -7, 2*n - n - 2*d = p. Suppose -n = 3*w - 12. List the prime factors of w.
3
Let g(y) = y**3 + 14*y**2 + 4*y + 16. Let w be g(-14). List the prime factors of (26*65/w)/((-2)/8).
13
Let h be ((-6)/2)/((-2)/72). Suppose -8*p - h = -2*p. Let t = 53 + p. What are the prime factors of t?
5, 7
Let r(t) = -164*t**3 - t**2. List the prime factors of r(-2).
2, 3, 109
Let f(c) = -199*c**3 + 1. List the prime factors of f(-1).
2, 5
Let g = 202 - 142. Suppose g = 2*p - 3*d + 11, d = 3*p - 70. What are the prime factors of p?
23
Let a be 195/(-52) - (-1)/(-4) - -24. What are the prime factors of ((-2)/4)/(7 - 141/a)?
